 divided by d.
14
Suppose 0*a + 3*f - 4 = a, 25 = 5*f. Calculate the remainder when (-1746)/(-27)*(-9)/(-6)*1 is divided by a.
9
Let i = -225 + 71. Let u = i + 170. What is the remainder when 44 is divided by u?
12
Suppose 2*r = -1131*w + 1135*w - 60, -3*r = 3*w - 81. What is the remainder when 902 is divided by w?
9
Let b = -1 + 19. Suppose -2*v - 4*m = -22, 0 = 4*v - m - b - 8. Let k(s) = s**2 + s. Calculate the remainder when k(v) is divided by 19.
18
Suppose 4*v = 5*g - 6*g + 86, g - 77 = -v. Suppose 2*a - g = -4*o, 3*a = -5*o + 4*a + 110. What is the remainder when 39 is divided by o?
18
Suppose -4*t + 5 = -7. Suppose t*w + 5 = 17. Suppose w*q = 8*q - 728. What is the remainder when q is divided by 37?
34
Let s(h) = -134*h**2 + 23*h - 23. Let d be s(1). Let r = 184 + d. Calculate the remainder when 297 is divided by r.
47
Calculate the remainder when 1114 is divided by ((-3)/42*4)/(111/(-8547)).
14
Suppose 0 = -3*m - 5*l + 28 + 14, 0 = l. Suppose -2*k + 0*k + m = 0. Suppose -5*n = -o - 17, -20 + k = -n + 5*o. What is the remainder when 4 is divided by n?
1
Let x = 158 - -57. Let o(j) = -33*j - 1608. Calculate the remainder when x is divided by o(-49).
8
Let z be (-5 - -519)*(-1)/(-2). Let p = z - 169. Calculate the remainder when p is divided by 25.
13
Suppose -3*p - 2*s = -84, 3*p = -2*p + 4*s + 118. Let h be ((-11304)/(-39) - 18/(-117))/2. Let j = h + -16. What is the remainder when j is divided by p?
25
Let r(c) = 9*c**2 + 13*c - 62. Calculate the remainder when 513 is divided by r(3).
49
Let h = -262 - -259. Let u be ((-2)/1)/(8/4). Calculate the remainder when 666/54 - u/h is divided by 7.
5
Suppose -234673*z - 14 = -234675*z. What is the remainder when (-1128)/(-20) + (-4)/10 is divided by z?
0
Let p(m) = 12*m**2 - 3*m - 5. Let t be p(-3). What is the remainder when t/(-3)*144/(-28) is divided by 15?
12
Calculate the remainder when ((-16)/10)/(2*(-1)/1280) is divided by 79.
76
Suppose 2*o - 3*b - 67 = 0, -3*b + 127 = -3*o + 235. What is the remainder when 1172 is divided by o?
24
Let f(u) = 32*u**2 + 6*u - 21. Let p be f(4). Let h = p + -510. Calculate the remainder when 228 is divided by h.
3
Let q(n) = -n**3 - 4*n**2 + 7*n + 12. Let t be q(-5). Suppose 3*o - 37 = 35. What is the remainder when o is divided by 232/16 - 4*t/16?
10
Let u = 1 + 7. Calculate the remainder when (7/(-21))/(27/(-648)) is divided by u.
0
Suppose 0 = 4*t - 18 - 138. Suppose -t*h + 42*h = 84. Calculate the remainder when 167 is divided by h.
27
Suppose 12*d - 14184 = -12*d. Let k = -561 + d. What is the remainder when 173 is divided by k?
23
Let m(a) = 86*a - 348. Let g be m(-16). Calculate the remainder when 91 is divided by 4/(-22) + (-9)/396*g.
13
Suppose 6751*y + 6307 = 6758*y. What is the remainder when y is divided by 82?
81
What is the remainder when 222 is divided by ((-612)/(-408))/((-2)/(-148))?
0
Let j = 469 + -465. Calculate the remainder when -2 + 10/j*316/5 is divided by 53.
50
Let x = 252 + -108. Let t(d) = -45*d**2 + 2*d - 1. Let z be t(-2). Let v = -148 - z. Calculate the remainder when x is divided by v.
33
Suppose 3*z - 55 = 5*h, z = -5*h - 66 + 131. Let s be (-34)/(-6) - 4/6. Suppose -80 = -0*y - s*y. Calculate the remainder when z is divided by y.
14
Let s(b) = -b + 39. Suppose 11*h - 22*h = 341. What is the remainder when s(h) is divided by 23?
1
Suppose 261 + 19 = 4*w. Suppose w - 18 = 4*x. Let c(i) = 9*i**2 + 17*i - 30. Calculate the remainder when c(3) is divided by x.
11
Let k = 224 - 213. Suppose 3*h + h = 28. Calculate the remainder when (k - 263)/(-7)*2/6 is divided by h.
5
Let u = -225 - -224. What is the remainder when 84 is divided by (u/(-4))/(19/1368)?
12
Let v = 70588 - 70533. Suppose 5*o + h = -58, 0*o - 2*h = 2*o + 28. Let p = 17 - o. What is the remainder when v is divided by p?
27
Let w be 211 - 4*((-18)/8)/(-3). Suppose -5*u + 272 = y, 6*u + 4*y - w = 2*u. Let o = 46 + -31. What is the remainder when u is divided by o?
10
Let s(d) be the first derivative of d**3/3 - 27*d**2/2 - 149*d + 105. Calculate the remainder when 109 is divided by s(-5).
10
Let a(l) = 279*l - 1767. Calculate the remainder when a(10) is divided by 259.
246
Let s(b) = -10*b. Let z be s(-4). Let v = -35 + z. Suppose -v*i - 5*t + 30 = 0, -2*i - 3 + 11 = 4*t. Calculate the remainder when 45 is divided by i.
5
Let t(l) = -4*l + 132. Let a be t(21). Let v = 117 + a. Calculate the remainder when v is divided by 28.
25
Let u(p) = -4*p**2 - 39*p - 23. Calculate the remainder when 112 is divided by u(-4).
43
Let u be 455 + 2/(-1) + (2 - 5). What is the remainder when (-2*2)/(40/u*-3) is divided by 6?
3
Let g(h) = -h + 2. Let b be g(-16). Suppose -15*t = -b*t + 168. What is the remainder when t is divided by (-48)/(3 + -5) - 3?
14
Let r(h) = -77*h**3 - h**2 + 8. Let y be r(2). Let q = y - -656. Calculate the remainder when 114 is divided by q.
26
Calculate the remainder when -1*(-33305)/75 - (-22)/(-330) is divided by 61.
17
Suppose 0 = -5*v + 13*v + 256. Suppose g - 34 = 28. Let m = v + g. Calculate the remainder when m is divided by 8.
6
Let a(p) = 2*p - 7. Let s(y) = -y**3 + y**2 + 42. Let o be s(0). Suppose -o = 7*x - 10*x. Calculate the remainder when a(23) is divided by x.
11
Suppose k - 3*v = -9, -4*k + 46*v + 24 = 49*v. Suppose 4*g + 156 = 2*l, -5*g = k*l - 0*g - 179. What is the remainder when 202 is divided by l?
66
Let q(x) = -1651*x - 9770. What is the remainder when 821 is divided by q(-6)?
5
Let j(o) = -o**3 - 3*o**2 - 6*o. Let u be j(-3). Let n = u - 10. Suppose -3*k + 74 = n. Calculate the remainder when 40 is divided by k.
18
Let g(w) = -w**3 - w + 1. Let m(u) = u**3 - 40*u**2 - 72*u - 13. Let v(z) = -2*g(z) - m(z). What is the remainder when v(-38) is divided by 25?
12
Let w = -8995 + 10989. What is the remainder when w is divided by 21?
20
Let u = 77 + -190. Let z = -73 - u. Calculate the remainder when z is divided by 23.
17
Suppose -x + 15 = -2*x. Let m = x + 28. Calculate the remainder when 31 + 3/(5/((-150)/(-18))) is divided by m.
10
Suppose -m = -2*u + u - 2, 3*u - 2*m = -10. What is the remainder when 134 is divided by ((-3 - u) + -26)/(-2 + 1)?
19
Let r(b) = b**3 + 28*b**2 + 26*b + 6. Let j be r(-27). Let n = j - -18. Calculate the remainder when n is divided by 11.
7
Let b be ((-1)/(-3))/((-2)/(-30)). Suppose -b*d - 13 = -78. Suppose 0 = -2*f - 3*h + 6*h + 11, f + 3*h = 19. Calculate the remainder when d is divided by f.
3
Suppose -4761*t - 8262 = -5067*t. Calculate the remainder when (-2 - 0) + 48*1 is divided by t.
19
What is the remainder when 511 is divided by ((-2024)/198)/23*(-477)/2?
87
Let q(r) = r**3 - 16*r**2 + 15*r + 23. What is the remainder when 1148 is divided by q(15)?
21
Let s(o) = 2*o**2 - 15*o + 1. Let h be s(8). Suppose -10*l + 190 = h*l. Calculate the remainder when 74 is divided by l.
4
Suppose 0 = 3*l + 4*w - 47, -18 = -l - w + 2*w. Suppose 4*m = -11*m + 1605. Let o = m + -59. Calculate the remainder when o is divided by l.
14
Let f = -4 - -9. Suppose -u = f*d - 15, d - 5*d - 133 = -5*u. What is the remainder when (-490)/(-1225) + (956/10 - -3) is divided by u?
24
Suppose -5*q = -0*q - 25, -125 = -4*h + 3*q. Let r(d) be the first derivative of d**3/3 - 62*d + 100. What is the remainder when h is divided by r(9)?
16
Let p = -2369 - -2389. What is the remainder when 449 is divided by p?
9
Calculate the remainder when 360 is divided by 812/(-126) - (-4 + (-96)/(-27)) - -216.
150
Suppose -4*f = 94*x - 98*x + 1200, 4*x - 2*f - 1210 = 0. Calculate the remainder when 311 is divided by x.
6
Suppose -186 = -g - 2*h, -g - 8*h = -12*h - 174. Calculate the remainder when g is divided by 91.
0
Let y = 252 - 252. Suppose -v + 21 + 51 = y. Calculate the remainder when v is divided by 40.
32
Suppose 0 = 327*y - 320*y - 336. Calculate the remainder when y is divided by (-1 + -23)*(0 + (-12)/16).
12
Suppose -3 - 25 = -28*a. Let r(w) = -3*w + 23*w + 3*w. What is the remainder when r(a) is divided by 13?
10
Suppose -7 - 29 = -2*v. Suppose -2*r - 36 = 2*u - 138, 244 = 4*u - 4*r. What is the remainder when 1883/u - 6/(-16) is divided by v?
16
Let t be 18/4 - 1/2. Let g be (124/93)/((-2)/(-27)). Suppose t*s - g = 14. What is the remainder when 47 is divided by s?
7
What is the remainder when (2617/(-1))/(114 + -115) is divided